{"id":336,"date":"2015-04-04T12:05:29","date_gmt":"2015-04-04T12:05:29","guid":{"rendered":"http:\/\/www.3d-atelier.com\/wp_revolution\/?page_id=336"},"modified":"2015-04-06T10:00:14","modified_gmt":"2015-04-06T10:00:14","slug":"stageplan","status":"publish","type":"page","link":"https:\/\/www.3d-atelier.com\/wp_revolution\/veranstalterinfos\/stageplan\/","title":{"rendered":"Stageplan"},"content":{"rendered":"<p><img loading=\"lazy\" decoding=\"async\" class=\"alignleft wp-image-389 size-full\" src=\"http:\/\/www.3d-atelier.com\/wp_revolution\/wp-content\/uploads\/2015\/04\/2015-04-04-Stageplan-Revolution-03b1.jpg\" alt=\"\" width=\"624\" height=\"414\" srcset=\"https:\/\/www.3d-atelier.com\/wp_revolution\/wp-content\/uploads\/2015\/04\/2015-04-04-Stageplan-Revolution-03b1.jpg 624w, https:\/\/www.3d-atelier.com\/wp_revolution\/wp-content\/uploads\/2015\/04\/2015-04-04-Stageplan-Revolution-03b1-300x199.jpg 300w\" sizes=\"auto, (max-width: 624px) 100vw, 624px\" \/><\/p>\n<div style=\"\u201dclear: both;\">.<\/div>\n<p><img loading=\"lazy\" decoding=\"async\" class=\"alignleft wp-image-388 size-full\" src=\"http:\/\/www.3d-atelier.com\/wp_revolution\/wp-content\/uploads\/2015\/04\/2015-04-04-Stageplan-Revolution-02b1.jpg\" alt=\"\" width=\"624\" height=\"414\" srcset=\"https:\/\/www.3d-atelier.com\/wp_revolution\/wp-content\/uploads\/2015\/04\/2015-04-04-Stageplan-Revolution-02b1.jpg 624w, https:\/\/www.3d-atelier.com\/wp_revolution\/wp-content\/uploads\/2015\/04\/2015-04-04-Stageplan-Revolution-02b1-300x199.jpg 300w\" sizes=\"auto, (max-width: 624px) 100vw, 624px\" \/><\/p>\n<div style=\"\u201dclear: both;\">.<\/div>\n<p><img loading=\"lazy\" decoding=\"async\" class=\"alignleft wp-image-387 size-full\" src=\"http:\/\/www.3d-atelier.com\/wp_revolution\/wp-content\/uploads\/2015\/04\/2015-04-04-Stageplan-Revolution-01b1.jpg\" alt=\"\" width=\"624\" height=\"414\" srcset=\"https:\/\/www.3d-atelier.com\/wp_revolution\/wp-content\/uploads\/2015\/04\/2015-04-04-Stageplan-Revolution-01b1.jpg 624w, https:\/\/www.3d-atelier.com\/wp_revolution\/wp-content\/uploads\/2015\/04\/2015-04-04-Stageplan-Revolution-01b1-300x199.jpg 300w\" sizes=\"auto, (max-width: 624px) 100vw, 624px\" \/><\/p>\n<div style=\"\u201dclear: both;\">Weitere erg\u00e4nzende Infos zum Platzbedarf: Sollte der minimale Platzbedarf nicht eingehalten werden k\u00f6nnen, gibt es auch individuelle L\u00f6sungen, die einen Auftritt von Revolution erm\u00f6glicht. Dies bitte im Vorfeld abkl\u00e4ren. Die Stageplans k\u00f6nnen auch spiegelverkehrt angeordnet werden.<\/div>\n","protected":false},"excerpt":{"rendered":"<p>. . Weitere erg\u00e4nzende Infos zum Platzbedarf: Sollte der minimale Platzbedarf nicht eingehalten werden k\u00f6nnen, gibt es auch individuelle L\u00f6sungen, die einen Auftritt von Revolution erm\u00f6glicht. Dies bitte im Vorfeld abkl\u00e4ren. Die Stageplans k\u00f6nnen auch spiegelverkehrt angeordnet werden.<\/p>\n","protected":false},"author":1,"featured_media":0,"parent":29,"menu_order":0,"comment_status":"closed","ping_status":"closed","template":"","meta":{"footnotes":""},"categories":[],"tags":[37,28,35,34],"class_list":["post-336","page","type-page","status-publish","hentry","tag-anforderungen","tag-auftritte","tag-platzbedarf","tag-stageplan"],"publishpress_future_action":{"enabled":false,"date":"2026-04-25 10:30:05","action":"change-status","newStatus":"draft","terms":[],"taxonomy":"category","extraData":[]},"publishpress_future_workflow_manual_trigger":{"enabledWorkflows":[]},"_links":{"self":[{"href":"https:\/\/www.3d-atelier.com\/wp_revolution\/wp-json\/wp\/v2\/pages\/336","targetHints":{"allow":["GET"]}}],"collection":[{"href":"https:\/\/www.3d-atelier.com\/wp_revolution\/wp-json\/wp\/v2\/pages"}],"about":[{"href":"https:\/\/www.3d-atelier.com\/wp_revolution\/wp-json\/wp\/v2\/types\/page"}],"author":[{"embeddable":true,"href":"https:\/\/www.3d-atelier.com\/wp_revolution\/wp-json\/wp\/v2\/users\/1"}],"replies":[{"embeddable":true,"href":"https:\/\/www.3d-atelier.com\/wp_revolution\/wp-json\/wp\/v2\/comments?post=336"}],"version-history":[{"count":24,"href":"https:\/\/www.3d-atelier.com\/wp_revolution\/wp-json\/wp\/v2\/pages\/336\/revisions"}],"predecessor-version":[{"id":390,"href":"https:\/\/www.3d-atelier.com\/wp_revolution\/wp-json\/wp\/v2\/pages\/336\/revisions\/390"}],"up":[{"embeddable":true,"href":"https:\/\/www.3d-atelier.com\/wp_revolution\/wp-json\/wp\/v2\/pages\/29"}],"wp:attachment":[{"href":"https:\/\/www.3d-atelier.com\/wp_revolution\/wp-json\/wp\/v2\/media?parent=336"}],"wp:term":[{"taxonomy":"category","embeddable":true,"href":"https:\/\/www.3d-atelier.com\/wp_revolution\/wp-json\/wp\/v2\/categories?post=336"},{"taxonomy":"post_tag","embeddable":true,"href":"https:\/\/www.3d-atelier.com\/wp_revolution\/wp-json\/wp\/v2\/tags?post=336"}],"curies":[{"name":"wp","href":"https:\/\/api.w.org\/{rel}","templated":true}]}}