{"id":109,"date":"2020-12-30T16:08:09","date_gmt":"2020-12-30T15:08:09","guid":{"rendered":"http:\/\/www.3d-atelier.com\/wp_3d-atelier\/test-web-05\/?post_type=product&#038;p=109"},"modified":"2020-12-31T11:02:30","modified_gmt":"2020-12-31T10:02:30","slug":"20201230-01-bastion-collection-becher-happy","status":"publish","type":"product","link":"https:\/\/www.3d-atelier.com\/wp_3d-atelier\/test-web-05\/produkt\/20201230-01-bastion-collection-becher-happy\/","title":{"rendered":"Bastion Collection &#8211; Becher &#8222;Happy&#8220;"},"content":{"rendered":"<p>Lieblingsst\u00fcck! S\u00fc\u00dfer\u00a0Becher mit\u00a0P\u00fcnktchen von Bastion Collections zum schlichtweg haben wollen. Der Keramikbecher zum Verlieben &#8222;love you&#8220;\u00a0ist eine einzige Liebeserkl\u00e4rung&#8230;besser gehts doch nicht!\u00a0Die charmante Tasse macht sofort\u00a0gute Laune, und kann mit oder ohne Untertasse benutzt werden. Der h\u00fcbsche Becher\u00a0l\u00e4sst sich bestens kombinieren, ist Mikrowellen und Sp\u00fclmaschinen erprobt\u00a0und passt perfekt zur neuen Linie des niederl\u00e4ndischen Labels. Hier kann fr\u00f6hlich mit den unterschiedlichen Mustern gespielt und gemixt werden &#8211; daher gibt es auch gleich noch ein neues Dessin dazu &#8211; &#8222;Happy &#8211; have a lovely day&#8220; und dann kann nat\u00fcrlich nach Lust und Laune der Fr\u00fchst\u00fcckstisch gedeckt werden. Die Tasse\u00a0ist 9 x\u00a07,5 cm gro\u00df und aus wei\u00dfer, handbemalter\u00a0Keramik gearbeitet.\u00a0Wir w\u00fcnschen Ihnen viel Freude mit dem s\u00fc\u00dfen Becher mit P\u00fcnktchen von Bastion Collections und mixen Sie flei\u00dfig weiter&#8230;<\/p>\n<p><strong>Details:<\/strong><\/p>\n<ul>\n<li>Serie untereinander\u00a0kombinierbar<\/li>\n<li>handbemalte Keramik<\/li>\n<li>2 Dessins<\/li>\n<li>H9\/\u00d87,5 cm<\/li>\n<li>Sp\u00fclmaschinen geeignet<\/li>\n<\/ul>\n","protected":false},"excerpt":{"rendered":"<p>Lieblingsst\u00fcck! S\u00fc\u00dfer\u00a0Becher mit\u00a0P\u00fcnktchen von Bastion Collections zum schlichtweg haben wollen.<\/p>\n","protected":false},"featured_media":110,"comment_status":"open","ping_status":"closed","template":"","meta":[],"product_brand":[],"product_cat":[36],"product_tag":[37],"class_list":{"0":"post-109","1":"product","2":"type-product","3":"status-publish","4":"has-post-thumbnail","6":"product_cat-bastion-collection","7":"product_tag-bastion-collection","9":"first","10":"instock","11":"taxable","12":"shipping-taxable","13":"purchasable","14":"product-type-simple"},"_links":{"self":[{"href":"https:\/\/www.3d-atelier.com\/wp_3d-atelier\/test-web-05\/wp-json\/wp\/v2\/product\/109","targetHints":{"allow":["GET"]}}],"collection":[{"href":"https:\/\/www.3d-atelier.com\/wp_3d-atelier\/test-web-05\/wp-json\/wp\/v2\/product"}],"about":[{"href":"https:\/\/www.3d-atelier.com\/wp_3d-atelier\/test-web-05\/wp-json\/wp\/v2\/types\/product"}],"replies":[{"embeddable":true,"href":"https:\/\/www.3d-atelier.com\/wp_3d-atelier\/test-web-05\/wp-json\/wp\/v2\/comments?post=109"}],"wp:featuredmedia":[{"embeddable":true,"href":"https:\/\/www.3d-atelier.com\/wp_3d-atelier\/test-web-05\/wp-json\/wp\/v2\/media\/110"}],"wp:attachment":[{"href":"https:\/\/www.3d-atelier.com\/wp_3d-atelier\/test-web-05\/wp-json\/wp\/v2\/media?parent=109"}],"wp:term":[{"taxonomy":"product_brand","embeddable":true,"href":"https:\/\/www.3d-atelier.com\/wp_3d-atelier\/test-web-05\/wp-json\/wp\/v2\/product_brand?post=109"},{"taxonomy":"product_cat","embeddable":true,"href":"https:\/\/www.3d-atelier.com\/wp_3d-atelier\/test-web-05\/wp-json\/wp\/v2\/product_cat?post=109"},{"taxonomy":"product_tag","embeddable":true,"href":"https:\/\/www.3d-atelier.com\/wp_3d-atelier\/test-web-05\/wp-json\/wp\/v2\/product_tag?post=109"}],"curies":[{"name":"wp","href":"https:\/\/api.w.org\/{rel}","templated":true}]}}